 3*b - 8 = b. Suppose -b*n = -8, 7*i = d*i + 2*n + 35. Calculate the greatest common factor of i and 26.
13
Suppose -4*x + 104 = -336. Suppose 7*i - x = 667. What is the highest common factor of 259 and i?
37
Suppose 82*h + 2*o - 3 = 77*h, 0 = 3*h - 4*o - 7. What is the highest common factor of h and 289?
1
Let s = -206 + 529. Suppose g = -3*r - s, 193 - 1162 = 3*g - 5*r. Let q be (-8)/(-20) + g/(-5)*1. Calculate the greatest common divisor of 13 and q.
13
Let l be -2*55/30*3. Let w = 21 + l. Let g(t) = -t**3 + 9*t**2 + 14*t + 8. Let o be g(w). What is the greatest common factor of o and 12?
12
Suppose -4*y + 5*u + 21 = -11, -2*y + 14 = -2*u. Let x(v) = v**2 - 4*v + 12. Let t be x(10). What is the greatest common divisor of y and t?
3
Suppose 14*s + 434 = -770. Let l be (-1)/(-1)*24/6 - s. Calculate the greatest common divisor of l and 120.
30
Let y = -367 + 627. Suppose 0 = -7*b - 6*b + y. Calculate the greatest common divisor of b and 35.
5
Suppose 31390 + 13034 - 1053 = 183*v. Calculate the highest common divisor of v and 10191.
237
Suppose 13*j = 9*j + 8. Suppose j + 8 = 5*m. Suppose -n - 1 = -m*n. What is the greatest common factor of 1 and n?
1
Suppose -4*m = -3*y - 24, -9*m - 17 = -10*m - 2*y. Let k(p) = 16*p + 10. Let v be k(m). Calculate the greatest common divisor of 28 and v.
14
Let k = 4 + 0. Suppose 0 = -2*d - q - 0*q + 19, -6 = 2*q. Suppose -d*l - 13 = -24*l. Calculate the highest common divisor of l and k.
1
Let v = 1 - 1. Suppose 4*l + 5*w - 323 = v, -3*l = -l + 5*w - 169. Let o = -2613 + 2624. What is the highest common factor of o and l?
11
Suppose 2*o - 110*o + 6480 = 0. Calculate the highest common divisor of 84 and o.
12
Let l be (((-45)/10)/(-3) + 166/(-12))*-15. Calculate the greatest common factor of 7955 and l.
185
Let u(i) = 23*i + 16. Suppose 8*b + 176 = 19*b. Let m be u(b). What is the highest common divisor of 24 and m?
24
Let s(j) = 1319*j - 471. Let t be s(1). What is the greatest common divisor of t and 1590?
106
Suppose 0 = 195*k - 172*k - 13984. Calculate the highest common factor of k and 836.
76
Suppose 52 + 75 = -4*f - 5*r, -3*r = 4*f + 121. Let q be (36/8 - 7)/(2/f). Calculate the greatest common factor of 21 and q.
7
Let z be (65/(-55) - -1) + 402/33. Calculate the greatest common divisor of 508 and z.
4
Suppose -35 = -23*l + 34. Suppose -2*m - l*m + 5*j = -140, 5*m = 2*j + 152. Suppose -3*r + 6 = -0. What is the greatest common divisor of m and r?
2
Let s = -1 + 55. Let m(o) = -o**2 - 117*o - 2222. Let u be m(-26). Calculate the greatest common factor of s and u.
18
Let c be (9/(450/(-140)))/((-24)/(-15) + -2). What is the highest common divisor of 2401 and c?
7
Suppose 2*m - 2*k - 68 = 0, -k + 22 = m + k. Let f be (-12)/18 + (-1037)/(-3). What is the highest common factor of f and m?
15
Suppose -62 = -4*z - 25*j + 20*j, -5*z + 100 = -5*j. What is the greatest common divisor of z and 186?
6
Suppose 2217*x + 408 + 320 = 2224*x. What is the greatest common divisor of x and 2548?
52
Let c be (-38)/(-14) - (19/7 - 3). Suppose 2*i - 3*i + 204 = 3*d, c*i - 582 = d. What is the highest common factor of 15 and i?
15
Suppose -5*c - 4*c + 792 = 0. Suppose -c = -a - a. Suppose a = 2*j + v - 33, -j + 4*v + 16 = 0. What is the greatest common divisor of 54 and j?
18
Let k(s) = -3*s**3 - 6*s**2 - 19*s + 6. Let r be k(-5). Let w = 404 - r. What is the greatest common divisor of w and 6?
6
Let y(h) = -12*h**3 + 2*h**2 + 12*h + 80. Let j be y(-4). Calculate the greatest common divisor of 728 and j.
104
Let w be ((-16)/12 + 1)/((-6)/(-7164)). Let u = -146 - w. What is the highest common divisor of 24 and u?
12
Let k(r) = r**2 + 19*r - 90. Let u be k(-23). Suppose -5*z = -12*w + 9*w + 240, 2*z + 156 = u*w. Calculate the highest common factor of w and 60.
15
Let b be (-1)/3*(7 - 8 - (23512 + 4)). What is the highest common divisor of b and 134?
67
Let x(c) = -3*c + 36. Let h be x(11). Suppose 3*y + 4*z = 75, 2*y - z - 48 = -h*z. Calculate the highest common divisor of y and 294.
21
Let u = 2409 + -779. What is the greatest common factor of 20 and u?
10
Let h be (-36)/(-24) + 337/(-2). Let b = 395 + h. What is the greatest common divisor of 12 and b?
12
Suppose -5*p - 40 = -3*c, 0 = 5*c + 67*p - 68*p - 74. Let y be (3/(-2))/((-11)/550). Calculate the highest common factor of c and y.
15
Let f = 3556 - 3248. What is the highest common divisor of f and 252?
28
Suppose -3*i - 348*c = -353*c - 8920, i = 5*c + 2960. Calculate the highest common factor of i and 60.
20
Let h = -3828 + 15188. What is the greatest common divisor of h and 213?
71
Let t(f) = -4*f**3 - 29*f**2 - 9*f - 234. Let n be t(-11). Calculate the highest common factor of 350 and n.
70
Let m be ((-2 + 5)/(-9))/((-15)/1260). Let f(w) = w**2 - 3*w - 16. Let y be f(6). Suppose n + y*n = 21. Calculate the highest common divisor of n and m.
7
Let p = 41 - 36. Suppose 0 = 4*m - 16, r - p*r + 4*m = -584. Suppose b - r = -4*b. Calculate the highest common divisor of b and 30.
30
Let a be (-16)/(-5) + -3 + 5 + (-1240)/(-50). Calculate the greatest common divisor of a and 276.
6
Let s(i) = -i**3 + 2*i**3 + 2*i**3 - 4*i**3 + 11*i**2 - i - 70. Let h be s(8). Calculate the greatest common divisor of h and 380.
38
Let j = -28166 + 28227. Calculate the highest common factor of j and 3782.
61
Let t(r) = -r**2 - 4*r + 21. Let j be t(-7). Suppose 10*l + 2*l + 60 = j. Let x be (-8 - 42)*2/l. Calculate the highest common divisor of 5 and x.
5
Suppose 35 = -m - 0*m. Let w be 6/14 + 1940/m. Let l be 1/2 - w/10. What is the highest common divisor of 96 and l?
6
Let g(x) = -3*x**2 - 12*x - 9. Let s be g(-3). Suppose -3*u + 12 = 0, 3*b - 3*u = -s*u + 636. Calculate the highest common factor of b and 27.
27
Let u(c) = 17*c**3 - c**2 + 2*c - 2. Suppose 13*s = 2*s + 385. Let i = s - 34. Let t be u(i). Calculate the greatest common divisor of t and 4.
4
Let s = -2899 + 4357. Calculate the greatest common divisor of 567 and s.
81
Let s be 3 + (-12 - -7) + (4 - 2). Suppose 5*f = -20, -3*i - 3*f + 24 = -s. What is the highest common divisor of 192 and i?
12
Suppose -20 = -5*t, -o - 748 = 3*o - t. Let d = -165 - o. Calculate the highest common divisor of d and 273.
21
Let w = -17434 + 17650. Calculate the highest common factor of w and 3375.
27
Let y be 86*(-4 - -5)*(63 - 54). What is the highest common factor of 4902 and y?
258
Suppose 0 = -0*z + 3*z - 33. Let f(u) = -384*u + 1547. Let w be f(4). Calculate the greatest common factor of w and z.
11
Let c(a) = 4*a**2 - 3*a + 132. Let z be c(0). Let w = -37 - -70. Calculate the greatest common divisor of w and z.
33
Suppose 2 = c - 1. Let k = -390301 + 390361. What is the greatest common factor of c and k?
3
Let x be 80*(-5)/(-80)*12. Let q = -42 + 282. Calculate the highest common divisor of q and x.
60
Suppose -3*p + 29 = -5*i, -2*p - 59 = -7*p + 3*i. Suppose a + 5*r + 22 = -0*a, 5*r + p = -4*a. What is the greatest common factor of a and 129?
3
Let g = 250 - 247. Suppose 34 = 8*t - g*t + p, 2*p - 8 = 0. What is the highest common factor of t and 114?
6
Let i(k) = -9*k - 90. Let a(l) = -3*l**3 + 21*l**2 - 12. Let p be a(7). Let d be i(p). What is the highest common factor of 21 and d?
3
Let g be (5 - 34)*(-1 - -2). Let k = g + 32. Suppose 2*i - k*f = 34, -2*i - 12 = -2*f - 42. Calculate the greatest common factor of 99 and i.
11
Suppose 5*f + 2*c = 19129, -17*f = 2*c + 10515 - 75592. Calculate the highest common divisor of 14 and f.
7
Let m(s) be the first derivative of 16 + 11/2*s**2 + 1/3*s**3 - 11*s. Let r be m(-17). Calculate the greatest common factor of 13 and r.
13
Let a = -1599 + 1728. What is the highest common divisor of a and 688?
43
Suppose -n - 2*z + 887 = 0, -30*z = 6*n - 28*z - 5372. What is the greatest common divisor of n and 552?
69
Let b = -107 - -427. Suppose 340*p = -4*s + 339*p + 12, 3*p + 49 = 5*s. Calculate the greatest common factor of s and b.
5
Let s = 10877 + -10212. What is the greatest common divisor of s and 3192?
133
Let p(r) = -2*r**2 - 29*r - 6. Suppose -3*n - 45 = -3*l, -4*n + 4*l = 3*l + 51. Let k be p(n). Calculate the greatest common factor of 2 and k.
2
Suppose -2*l - 212 = -2*t, t = 9*l - 6*l + 114. What is the greatest common divisor of t and 24?
6
Suppose 0 = 35*r - 2*r - 165. Suppose -5*g = -9*g + r